50986 (base 10) to base 6.
1032014
10032333 (base 4) to base 8
41677
841 (base 9) to base 10
685
-110100100110 (base 2) to base 9
-4550
-1d6 (base 14) to base 9
-466
Convert 2d1d (base 16) to base 11.
874a
161225 (base 7) to base 15
95b8
Convert 15441 (base 6) to base 14.
cdb
-661 (base 7) to base 9
-414
62212 (base 9) to base 7
230345
What is -22a (base 15) in base 7?
-1300
1124 (base 8) to base 13
36b
Convert -112122 (base 4) to base 10.
-1434
Convert -14c (base 15) to base 10.
-297
What is -3378 (base 15) in base 7?
-43550
What is 112 (base 16) in base 8?
422
-85ac (base 15) to base 7
-145320
Convert 52 (base 15) to base 2.
1001101
-62 (base 11) to base 8
-104
1000202 (base 3) to base 15
34e
1114332 (base 6) to base 5
3303340
12120 (base 6) to base 3
2102210
Convert 11196 (base 11) to base 9.
24187
Convert 63 (base 8) to base 16.
33
-1162 (base 10) to base 2
-10010001010
-438 (base 14) to base 7
-2301
Convert -f6 (base 16) to base 6.
-1050
e1 (base 15) to base 14
111
What is 232203 (base 4) in base 9?
4070
52 (base 8) to base 7
60
10455 (base 8) to base 10
4397
3362 (base 8) to base 10
1778
10022111 (base 3) to base 16
970
What is 434 (base 10) in base 8?
662
Convert 41415 (base 7) to base 5.
311110
What is 112112200 (base 3) in base 2?
10100101101010
Convert -228 (base 12) to base 3.
-102212
102101 (base 3) to base 8
463
Convert 30a07 (base 12) to base 4.
33202213
-32453 (base 8) to base 7
-54453
What is 1aa (base 11) in base 14?
133
Convert 4cc4 (base 14) to base 13.
61b6
-132003 (base 4) to base 9
-2566
-1377 (base 14) to base 7
-13010
What is -10121022 (base 3) in base 9?
-3538
Convert -8e (base 15) to base 10.
-134
What is 20340 (base 5) in base 3?
1211211
-2325 (base 6) to base 2
-1000101101
-22103113 (base 4) to base 9
-63787
-134c (base 13) to base 16
-ad0
What is -114023 (base 6) in base 4?
-2123133
What is -5ee (base 16) in base 2?
-10111101110
Convert -1d97 (base 16) to base 6.
-55023
Convert 523 (base 6) to base 11.
168
c71 (base 15) to base 8
5366
Convert -1202120102 (base 3) to base 5.
-2102204
-415043 (base 6) to base 4
-20023203
Convert -34544 (base 6) to base 9.
-6721
5002 (base 7) to base 10
1717
Convert 520 (base 11) to base 10.
627
Convert 241351 (base 7) to base 13.
16bac
Convert 165 (base 8) to base 9.
140
Convert -1141 (base 7) to base 5.
-3141
What is 493 (base 10) in base 3?
200021
-a48 (base 13) to base 12
-101a
12324 (base 5) to base 8
1704
Convert -154100 (base 7) to base 2.
-111011000011001
-14522 (base 6) to base 2
-100100110010
-4640 (base 9) to base 14
-1378
1100001100 (base 2) to base 11
64a
Convert 132220 (base 4) to base 6.
13024
Convert 2404 (base 5) to base 10.
354
Convert -291 (base 11) to base 10.
-342
Convert 1d6 (base 16) to base 12.
332
Convert -425352 (base 7) to base 16.
-120c9
-3311031 (base 5) to base 15
-11d61
-391 (base 16) to base 9
-1224
What is -20221002 (base 3) in base 14?
-1bab
What is 2130040 (base 5) in base 6?
435530
Convert -1230 (base 5) to base 2.
-10111110
Convert -305 (base 14) to base 12.
-415
What is 20 (base 12) in base 6?
40
Convert 7a (base 14) to base 16.
6c
506 (base 13) to base 10
851
Convert -121201200 (base 3) to base 2.
-10111110100011
713 (base 8) to base 15
209
What is 12144 (base 5) in base 9?
1236
What is 6c6 (base 15) in base 13?
912
What is -11111001 (base 2) in base 6?
-1053
Convert -3303032 (base 4) to base 3.
-210100112
Convert -21212 (base 4) to base 9.
-752
What is -1396 (base 11) in base 5?
-24144
650 (base 15) to base 6
10333
10002313 (base 4) to base 16
40b7
What is -11110 (base 2) in base 4?
-132
-3db (base 14) to base 7
-2164
-11001011010 (base 2) to base 8
-3132
Convert -101000000001100 (base 2) to base 10.
-20492
Convert 9a83 (base 12) to base 7.
100554
Convert 821 (base 9) to base 8.
1233
Convert -6ea (base 15) to base 12.
-aaa
What is 737 (base 13) in base 2?
10011001101
Convert 244230 (base 5) to base 6.
111043
What is 5451 (base 6) in base 16?
4e7
-30232 (base 4) to base 10
-814
What is -3c5 (base 15) in base 6?
-3552
What is -215 (base 13) in base 11?
-2a4
Convert 13423 (base 10) to base 3.
200102011
397 (base 11) to base 4
13111
2ce (base 16) to base 6
3154
Convert -7551 (base 8) to base 5.
-111240
Convert -1453 (base 7) to base 13.
-355
Convert 2773 (base 10) to base 7.
11041
What is -250 (base 16) in base 5?
-4332
11003 (base 7) to base 3
10202202
What is 1842 (base 9) in base 16?
587
Convert 2100 (base 5) to base 8.
423
Convert -361 (base 13) to base 2.
-1001001010
Convert 1311 (base 6) to base 10.
331
Convert -7b5 (base 13) to base 11.
-1000
What is 1101000 (base 2) in base 9?
125
What is -385 (base 16) in base 12?
-631
What is 10039 (base 10) in base 6?
114251
Convert -10010100 (base 2) to base 11.
-125
Convert -7cc7 (base 15) to base 16.
-6790
-682 (base 10) to base 16
-2aa
What is 313301 (base 6) in base 4?
12030211
What is 6984 (base 14) in base 15?
567e
What is 131111 (base 4) in base 7?
5321
What is 13306 (base 9) in base 11?
683a
Convert -25a (base 11) to base 12.
-217
What is -14412 (base 6) in base 10?
-2312
What is 1202011 (base 3) in base 13?
76c
Convert 290 (base 14) to base 15.
248
What is 4637 (base 12) in base 4?
1322023
Convert -105553 (base 8) to base 3.
-1210221220
What is -6a (base 13) in base 3?
-10021
What is -246162 (base 7) in base 6?
-550013
-6d0 (base 14) to base 8
-2516
What is -202a (base 12) in base 3?
-11210021
What is -10301112 (base 4) in base 16?
-4c56
Convert -1fe (base 16) to base 10.
-510
37400 (base 10) to base 7
214016
154310 (base 6) to base 10
15234
Convert -6131 (base 7) to base 11.
-1666
Convert 123001 (base 6) to base 8.
25411
Convert 152 (base 15) to base 14.
178
-1c68 (base 13) to base 12
-25b3
Convert -200211010 (base 3) to base 10.
-13719
Convert 1113 (base 9) to base 4.
30312
What is 3577 (base 14) in base 11?
7000
Convert 23323 (base 5) to base 7.
4665
338 (base 10) to base 3
110112
Convert 32020 (base 4) to base 8.
1610
What is -10222112 (base 3) in base 16?
-b57
What is -99 (base 14) in base 12?
-b3
139 (base 16) to base 3
102121
-85 (base 13) to base 16
-6d
Convert -11211212 (base 3) to base 9.
-4755
682 (base 16) to base 14
870
Convert -13341 (base 5) to base 16.
-448
Convert 153 (base 13) to base 8.
355
1101110110 (base 2) to base 6
4034
43318 (base 9) to base 5
1404231
What is -3431 (base 6) in base 15?
-391
Convert -1464 (base 9) to base 12.
-787
-222 (base 11) to base 8
-412
299a (base 12) to base 7
20125
What is -2a8 (base 13) in base 8?
-734
Convert 1635 (base 9) to base 6.
5435
-17745 (base 9) to base 15
-3982
-234 (base 5) to base 11
-63
Convert 1562 (base 15) to base 5.
121332
Convert -24434 (base 5) to base 16.
-74d
What is ba72 (base 16) in base 3?
2102110210
What is -a12 (base 12) in base 9?
-1885
Convert -1222122 (base 4) to base 7.
-25566
Convert b62e (base 15) to base 10.
38519
Convert 100011100 (base 2) to base 9.
345
457 (base 14) to base 11
713
-40045 (base 8) to base 14
-5dad
What is 101000 (base 5) in base 13?
1630
-280 (base 9) to base 13
-150
Convert 5145 (base 6) to base 7.
3224
5205 (base 6) to base 5
14112
Convert 825 (base 16) to base 7.
6036
Convert -169 (base 11) to base 2.
-11000100
What is -56545 (base 9) in base 2?
-1001001011111001
Convert c64c (base 16) to base 3.
2120122011
What is -14b (base 14) in base 12?
-19b
-a860 (base 12) to base 11
-129a2
What is -1110011 (base 2) in base 10?
-115
What is -153 (base 6) in base 10?
-69
What is -16616 (base 8) in base 3?
-101101020
Convert -601 (base 7) to base 2.
-100100111
Convert -23b (base 13) to base 16.
-184
Convert 837b (base 16) to base 4.
20031323
What is -1485 (base 13) in base 6?
-21450
443 (base 5) to base 3
11120
2231 (base 5) to base 7
631
Convert -2213 (base 6) to base 12.
-369
Convert -1001101111 (base 2) to base 15.
-2b8
What is 68c (base 13) in base 10?
1130
Convert 2001211 (base 3) to base 9.
2054
-32434 (base 5) to base 3
-10002010
What is -120212011 (base 3) in base 7?
-45463
What is -14062 (base 7) in base 2?
-111011101001
-5 (base 8) to base 3
-12
Convert -4452 (base 9) to base 4.
-303113
What is 1000010111011 (base 2) in base 3?
12212122
10323133 (base 4) to base 13
9262
13432 (base 8) to base 9
8101
Convert 204532 (base 6) to base 5.
1012431
-100010001110 (base 2) to base 5
-32230
What is